
6
What is the millions digit of 14961129?
4
What is the thousands digit of 2856242?
6
What is the thousands digit of 1043772?
3
What is the millions digit of 18240923?
8
What is the tens digit of 422675?
7
What is the tens digit of 499006?
0
What is the hundreds digit of 145059?
0
What is the units digit of 142764?
4
What is the ten thousands digit of 1049929?
4
What is the thousands digit of 2905972?
5
What is the hundred thousands digit of 567012?
5
What is the millions digit of 2404688?
2
What is the units digit of 3012144?
4
What is the thousands digit of 744857?
4
What is the tens digit of 493590?
9
What is the thousands digit of 2150140?
0
What is the millions digit of 1175730?
1
What is the thousands digit of 1476?
1
What is the tens digit of 502880?
8
What is the thousands digit of 879360?
9
What is the ten thousands digit of 121951?
2
What is the hundreds digit of 25976900?
9
What is the ten thousands digit of 1544570?
4
What is the tens digit of 4084386?
8
What is the units digit of 509665?
5
What is the hundred thousands digit of 330835?
3
What is the tens digit of 6902363?
6
What is the ten thousands digit of 203004?
0
What is the hundred thousands digit of 14791706?
7
What is the hundred thousands digit of 171866?
1
What is the units digit of 4058595?
5
What is the thousands digit of 20425885?
5
What is the millions digit of 13037788?
3
What is the tens digit of 21458776?
7
What is the tens digit of 261431?
3
What is the hundred thousands digit of 101614?
1
What is the hundred thousands digit of 369910?
3
What is the millions digit of 7935051?
7
What is the thousands digit of 52596?
2
What is the units digit of 1813289?
9
What is the ten thousands digit of 380745?
8
What is the ten thousands digit of 359633?
5
What is the units digit of 660843?
3
What is the millions digit of 40264933?
0
What is the units digit of 1886339?
9
What is the thousands digit of 513080?
3
What is the hundreds digit of 77764?
7
What is the millions digit of 10272066?
0
What is the hundreds digit of 8993149?
1
What is the units digit of 70163?
3
What is the millions digit of 3259510?
3
What is the hundreds digit of 8624170?
1
What is the thousands digit of 58729?
8
What is the hundreds digit of 348772?
7
What is the units digit of 10458706?
6
What is the ten thousands digit of 79604?
7
What is the hundred thousands digit of 30261321?
2
What is the hundreds digit of 597945?
9
What is the hundreds digit of 5482772?
7
What is the hundreds digit of 272692?
6
What is the tens digit of 32024?
2
What is the hundred thousands digit of 915139?
9
What is the units digit of 63118?
8
What is the tens digit of 682650?
5
What is the tens digit of 436327?
2
What is the units digit of 385645?
5
What is the hundreds digit of 522560?
5
What is the tens digit of 233053?
5
What is the units digit of 32031?
1
What is the thousands digit of 338734?
8
What is the thousands digit of 1087149?
7
What is the units digit of 61412?
2
What is the units digit of 979047?
7
What is the hundreds digit of 99825?
8
What is the thousands digit of 173424?
3
What is the thousands digit of 167958?
7
What is the tens digit of 3864364?
6
What is the thousands digit of 2140693?
0
What is the thousands digit of 152658?
2
What is the tens digit of 6123923?
2
What is the ten thousands digit of 171000?
7
What is the ten thousands digit of 27495217?
9
What is the millions digit of 4595264?
4
What is the thousands digit of 61670?
1
What is the ten thousands digit of 21112691?
1
What is the ten thousands digit of 2926947?
2
What is the ten thousands digit of 16964548?
6
What is the units digit of 226578?
8
What is the units digit of 421270?
0
What is the tens digit of 607917?
1
What is the tens digit of 9097664?
6
What is the hundred thousands digit of 4983053?
9
What is the hundreds digit of 3105483?
4
What is the hundred thousands digit of 6547005?
5
What is the thousands digit of 1384871?
4
What is the hundred thousands digit of 7652835?
6
What is the millions digit of 3364751?
3
What is the ten thousands digit of 223538?
2
What is the millions digit of 1965112?
1
What is the thousands digit of 441666?
1
What is the ten thousands digit of 2309437?
0
What is the ten thousands digit of 3796572?
9
What is the hundred thousands digit of 10536053?
5
What is the hundred thousands digit of 531338?
5
What is the tens digit of 19916392?
9
What is the units digit of 9501557?
7
What is the millions digit of 18181869?
8
What is the millions digit of 13849461?
3
What is the hundred thousands digit of 2109032?
1
What is the hundreds digit of 6816002?
0
What is the millions digit of 11281018?
1
What is the units digit of 271820?
0
What is the tens digit of 1433021?
2
What is the hundred thousands digit of 4129084?
1
What is the ten thousands digit of 175931?
7
What is the hundreds digit of 11990080?
0
What is the units digit of 473827?
7
What is the tens digit of 3554943?
4
What is the ten thousands digit of 8387114?
8
What is the millions digit of 1205877?
1
What is the thousands digit of 768680?
8
What is the ten thousands digit of 857242?
5
What is the hundreds digit of 178420?
4
What is the ten thousands digit of 347728?
4
What is the units digit of 1127751?
1
What is the tens digit of 6069803?
0
What is the ten thousands digit of 6384629?
8
What is the units digit of 39080?
0
What is the hundreds digit of 914965?
9
What is the tens digit of 362560?
6
What is the ten thousands digit of 571271?
7
What is the thousands digit of 7702068?
2
What is the tens digit of 211906?
0
What is the tens digit of 2010748?
4
What is the thousands digit of 8636743?
6
What is the hundreds digit of 4508102?
1
What is the ten thousands digit of 2426184?
2
What is the units digit of 1726683?
3
What is the hundreds digit of 6332062?
0
What is the units digit of 36335?
5
What is the hundred thousands digit of 38670498?
6
What is the ten thousands digit of 85553?
8
What is the units digit of 3737019?
9
What is the ten millions digit of 19722707?
1
What is the hundred thousands digit of 247548?
2
What is the units digit of 1240804?
4
What is the units digit of 1390?
0
What is the ten thousands digit of 2820328?
2
What is the hundreds digit of 105829?
8
What is the ten thousands digit of 320226?
2
What is the ten thousands digit of 807078?
0
What is the tens digit of 5685275?
7
What is the units digit of 2971427?
7
What is the thousands digit of 23043713?
3
What is the tens digit of 13527701?
0
What is the millions digit of 2148949?
2
What is the thousands digit of 24507667?
7
What is the thousands digit of 8287718?
7
What is the units digit of 102649?
9
What is the millions digit of 1255610?
1
What is the ten thousands digit of 2897270?
9
What is the millions digit of 1618931?
1
What is the thousands digit of 1248960?
8
What is the tens digit of 609910?
1
What is the hundred thousands digit of 1685493?
6
What is the ten thousands digit of 202891?
0
What is the millions digit of 23601126?
3
What is the tens digit of 678181?
8
What is the thousands digit of 2106525?
6
What is the thousands digit of 14899035?
9
What is the hundreds digit of 335317?
3
What is the units digit of 3716370?
0
What is the ten millions digit of 10936489?
1
What is the thousands digit of 87014?
7
What is the ten thousands digit of 9248279?
4
What is the hundreds digit of 442804?
8
What is the hundred thousands digit of 218548?
2
What is the units digit of 4199206?
6
What is the ten thousands digit of 341788?
4
What is the units digit of 7362872?
2
What is the hundred thousands digit of 706073?
7
What is the hundred thousands digit of 243672?
2
What is the thousands digit of 6251413?
1
What is the hundreds digit of 53234?
2
What is the tens digit of 248685?
8
What is the hundred thousands digit of 6652717?
6
What is the hundreds digit of 163032?
0
What is the ten thousands digit of 366831?
6
What is the thousands digit of 37112?
7
What is the hundred thousands digit of 917216?
9
What is the ten thousands digit of 261532?
6
What is the thousands digit of 13431418?
1
What is the ten thousands digit of 18555783?
5
What is the hundred thousands digit of 4895984?
8
What is the millions digit of 7630907?
7
What is the units digit of 143998?
8
What is the tens digit o